x + 5166 = m, 84*m - 86*m = 10*x - 10338. What is the thousands digit of m?
5
Let f = 31805 - 15732. What is the units digit of f?
3
What is the hundreds digit of (-18)/54 + (-104668)/(-12)?
7
Let l(c) be the second derivative of c**8/1680 - c**6/240 - c**5/60 + 4*c**4/3 + 8*c. Let i(o) be the third derivative of l(o). What is the units digit of i(3)?
7
Let b(m) = -m + 25. Let o be b(16). What is the tens digit of (-12)/o + 5628/9 + -1?
2
Let b(y) = 8*y - 23 + 10*y - 25*y. Let n be b(-4). Suppose -129 + n = -4*w. What is the tens digit of w?
3
Suppose 35*p = 39*p + 5*h - 4627, 0 = -p + h + 1150. What is the thousands digit of p?
1
Suppose 0 = -3*f - 4*o + 55162 + 42804, o - 4 = 0. What is the tens digit of f?
5
Suppose -3 = 3*a + 6, -3*a = -5*m + 12454. Let z = m + -1755. What is the units digit of z?
4
Suppose -4*l - 6*y = -y, -3*y = -2*l + 22. Suppose 0 = -5*r - l*q + 2055, -6*r + 2*r - q + 1632 = 0. What is the units digit of r?
7
What is the hundreds digit of (-37)/((-629)/500378) + -3?
4
Suppose -2*i + 4*o - 720 = 0, 0 = -5*i + 6*o - 4*o - 1824. Let d = i - -450. What is the units digit of d?
4
What is the hundreds digit of 24/((-75)/(-20)*(-4)/(-9830))?
7
What is the hundreds digit of 112/40 + 422704/145?
9
Suppose -d + 18779 = 2*s - 23606, -4*s = -3*d + 127105. Let i be (d/20)/5 - 1/(-4). Suppose 0 = -8*l + 1280 + i. What is the hundreds digit of l?
2
Let c(x) = -30*x + 155. Let b be c(8). Suppose i + 600 = 5*i. Let a = i + b. What is the tens digit of a?
6
Let d = 507 + -171. Suppose -d = -2*m - 5*m. What is the units digit of (2 + 35/(-15))/((-1)/m)?
6
Let i(x) = 81*x**2 - 47*x + 72. What is the hundreds digit of i(8)?
8
Let l(w) = w**3 - 4*w**2 - 3*w - 10. Let r be l(5). Suppose 422 = u + 4*f - 22, r = -5*u + 5*f + 2270. Suppose 2*t + 180 = u. What is the hundreds digit of t?
1
Suppose 2*v - 32 + 6 = 0. Let h(r) = -9*r - 6*r + 18 - v. What is the tens digit of h(-5)?
8
What is the thousands digit of ((-204)/22)/(-17) + 76081/22*2?
6
Let k = -6294 + 34359. What is the hundreds digit of k?
0
Suppose -z = 1, -z + 5*z = -5*b + 951. Suppose -v + 5 = 0, -c + 3*v + v + b = 0. What is the units digit of c?
1
Let r = 35304 + -21083. What is the hundreds digit of r?
2
Let r = 333 + -331. What is the units digit of ((-231935)/(-121) - 16) + r/11?
1
What is the units digit of (-4)/30 + (-11367902)/(-1365)?
8
Let f(j) = -6860*j**3 - j**2 + 16*j + 17. What is the hundreds digit of f(-1)?
8
Suppose 2*b + 57666 = 5*k, 0*k - 4*k + 8*b = -46184. What is the hundreds digit of k?
5
Let r(p) be the third derivative of -23*p**4/6 - 11*p**3/6 - 25*p**2. Let z be r(-4). Let m = z + -214. What is the tens digit of m?
4
Suppose -3*j + 10 + 2 = 0. Suppose 138 = j*k - 94. What is the tens digit of k?
5
Let z = -573 + 430. Let w = 987 - z. What is the hundreds digit of w?
1
Let y be (-8)/3*14625/(-26). Suppose 0 = -4*f - 0*f + 5*z + y, 0 = 3*f - z - 1114. What is the tens digit of f?
7
Let d(n) = n**2 + 7*n + 56. Suppose 14*v - 48 = 8*v. What is the hundreds digit of d(v)?
1
Suppose 5*r - 3*a - 25207 = 16503, -3*r + 3*a = -25020. Suppose 0 = 30*o - 595 - r. What is the hundreds digit of o?
2
Let s(t) = 23*t + 15. Let x = -35 + 55. What is the tens digit of s(x)?
7
Suppose 55*l - 809056 + 702054 = 1523308. What is the hundreds digit of l?
6
Let f = 139 + -149. Let y = 237 - f. What is the tens digit of y?
4
Let x be (10/15)/((-2)/(-120)). Let a(g) = -g**3 + 20*g**2 + 22*g - 42. Let k be a(21). Let n = k + x. What is the tens digit of n?
1
Let v = -377 - -194. Let x = -273 - v. Let d = x - -157. What is the units digit of d?
7
Suppose -2*j + 5*z - 6*z = 297, -4*j = -4*z + 564. Let h = 379 + j. What is the tens digit of h?
3
Suppose 21 = 3*h - f - 4*f, -9 = 3*f. Let p(l) = -5*l**2 - 8 - 4*l + 14*l**h + 0*l + l. What is the hundreds digit of p(4)?
1
Let b = 1727 + -1455. What is the units digit of b?
2
Let r(q) = 50*q - 11. Suppose -56*a + 51*a + 20 = 0. What is the units digit of r(a)?
9
Suppose -12*x - 25 = -17*x, -3*m = -x - 85. What is the hundreds digit of (12/m)/(1/1245)?
4
Let k be 7*(-1)/(14/(-580)). Suppose -2*g = k - 872. Suppose 2*z = -h + 151, 5*h + g = 4*z - 4. What is the units digit of z?
5
Suppose l - 11 = -2*p - 2, 0 = -3*p + 12. What is the tens digit of (l*48)/((-36)/(-306))?
0
Suppose 33*t = 31*t. What is the units digit of 2/(-6) - t - 15960/(-90)?
7
Let s be ((-1)/(-3))/(7*(-1)/(-81459)). Let w = -2726 + s. What is the units digit of w?
3
Suppose -3*q + 0*q + 286 = 4*j, -4*q + 2*j + 352 = 0. Suppose q = -3*h + 639. What is the tens digit of h?
8
Let j = -24 + 30. Suppose y - 4*b - 30 = 0, j*b = -3*y + 3*b + 90. Suppose y*f + 280 = 34*f. What is the units digit of f?
0
Suppose 3*n = 2*s + 24493, 2*s + 24489 = 3*n - s. What is the hundreds digit of n?
1
Let j = -5 + 6. Let d be (((-2)/(-4))/j)/((-2)/(-148)). Let l = 38 - d. What is the units digit of l?
1
Let z = -559 - -577. Suppose z*k = 3512 + 5488. What is the hundreds digit of k?
5
Suppose -5*v = -5*m + 205 + 650, 0 = -m - 2*v + 180. Let u be (2 - m/(-9))*6. Suppose u = 7*s + 9. What is the tens digit of s?
1
Suppose 0 = -7*a - 3*y + 15521, -2*a + 26*y - 25*y = -4442. What is the hundreds digit of a?
2
Suppose -2*r - 2*q + 8172 = 1634, 0 = 3*q - 15. What is the hundreds digit of r?
2
Suppose 14*l - 11*l + c = 36393, 0 = 4*l - c - 48531. What is the tens digit of l?
3
Suppose -l = 139 - 184. What is the hundreds digit of 10050/27 - 10/l?
3
Suppose 48*w = 52*w - 616. Let v = w - -95. What is the hundreds digit of v?
2
Suppose 0 = q + 8 - 11. Suppose -q*i - 879 = -2*t - 8*i, -2*i = -t + 426. What is the units digit of t?
2
What is the thousands digit of 3/((-24)/(-85498)) + 279/(-1116)?
0
Let d = 8 - -24. Let f be d/18 + 16/72. Suppose -86 = -2*z - f*m - 0*m, 0 = -z + 5*m + 43. What is the tens digit of z?
4
Suppose 0 = 13*n - 45 - 46. Suppose 12060 = n*k + 3*k. What is the hundreds digit of k?
2
Suppose 79417 = 4*w + 3*y, 3*y + y + 39670 = 2*w. What is the ten thousands digit of w?
1
Let p = 23673 + 7535. What is the units digit of p?
8
Suppose w - 10 = -4*w. Let x = -2 - w. What is the tens digit of ((4/3)/x)/(2/(-696))?
1
Let q be -134*(((-84)/(-8))/7 - 1). Let z = q + 70. Suppose 6*b + z*b - 1386 = 0. What is the tens digit of b?
5
Let f(j) = -3*j**2 - 23*j - 25. Let g(z) = -7*z**2 - 46*z - 51. Let s(h) = 9*f(h) - 4*g(h). What is the tens digit of s(-10)?
0
Let q(i) = -21*i**3 - 3*i**2 - 7*i - 3. Let j(p) = -p**2 + 2*p + 6. Let z be j(4). What is the units digit of q(z)?
7
Let v(i) = 80*i**2 - i - 10. Suppose 8*w - 13*w + 5 = 0, -b + 5*w = 8. What is the tens digit of v(b)?
1
What is the thousands digit of 21/15 + (14 - (-285880)/50)?
5
Suppose -3*k = 2*t + 149, -t - 3*k - 55 = 21. Let z = t + 156. What is the units digit of z?
3
What is the tens digit of (-12)/42 - ((-3498264)/49)/4?
4
Let k be 6/(-12) + (-10645)/(-10). Suppose -704 = -2*j - 2*u, 3*j - u = 4*u + k. What is the hundreds digit of j?
3
Suppose -2*b = 4*d - 978, 0*b - 5*b = 2*d - 477. Suppose 249*r - 3840 = d*r. What is the hundreds digit of r?
2
Let o = 17172 - -272. What is the units digit of o?
4
Let j(k) = 2898*k**2 + 588*k + 18. What is the ten thousands digit of j(5)?
7
Let v be (-8)/((-3)/(4 - -2)). Suppose 12*m - 8*m = -v. What is the tens digit of (m/10 - 3619/(-110))*2?
6
Let g = -12 - -15. Let n be (15/4)/(g/132). Suppose -n = 11*h - 1276. What is the tens digit of h?
0
Suppose -18*m + 34 = -16*m. Let h = 4 - m. What is the tens digit of 0 + h*(-2 + -1) - -3?
4
Let l(i) = -95*i**3 - 2*i**2 - 4*i - 2. Let b be l(-1). Suppose 91*z = b*z - 1704. What is the hundreds digit of z?
4
Let z be ((-44)/11*(-17)/(-4))/(-1). Suppose z*o = 47*o - 20370. What is the hundreds digit of o?
6
Let o = 1 - -293. Let d be -39*(5/25 - (-624)/(-45)). Let p = d - o. What is the tens digit of p?
3
Suppose -475 = -4*y + 189. Suppose 0 = 3*n - y - 536. What is the tens digit of n?
3
Let y(j) be the second derivative of 29*j**5/5 - j**4/12 + 2*j**3/3 - j**2/2 + 26*j + 2. What is the units digit of y(2)?
1
Let p = -133 - -127. Let h(m) = m**3 + 6*m**2 - 18*m - 23. What is the units digit of h(p)?
5
Let i(n) = -n**3 - 10*n**2 + 27*n + 31. Let p be i(-12). Let g(s) = -3*s**3 + 5*s**2 + 18*s. What is the units digit of g(p)?
0
Suppose -3*b + 